v) = 203*v - 202*v + 8 - 4 + 10 + 3. Determine j(-8).
9
Let i(v) = -12*v**2 + 1. Let y be 5 - -2*1*-1. Let s = -635 - -635. Suppose y*l = -s*l + 3. Give i(l).
-11
Let j(a) be the third derivative of a**6/12 - a**5/60 + a**4/8 - a**3/3 + 49*a**2 + 97*a. Calculate j(1).
10
Let p(f) = 3*f - 3. Let q(m) = m**3 + 4*m**2 - 4*m + 4. Let l be q(-4). Suppose 0 = -b - 3, 2*s - 6*s - 2*b + 26 = 0. Let d be 45/l - 2/s. Give p(d).
3
Suppose 356 + 94 = -5*q. Let t = 96 + q. Let b(r) = -5 + 0*r**2 + r**2 - 2*r**2 + r**3 + t. Calculate b(-1).
-1
Let u be ((-9)/8)/(8/(-64)). Let f(y) = 2*y**2 - 22*y + 26. Calculate f(u).
-10
Let o(c) = c**3 + 6*c**2 - 2*c - 5. Suppose 512*m - 536*m + 96 = 0. Let y be 3*((-7)/3)/(-1). Suppose -m*s - 31 = -y. Calculate o(s).
7
Suppose 0 = -a - 2*s + 17, 0*a - 2*a = -4*s - 10. Suppose 0 = 3*j - q - 20, 3*j = -5*q - a + 19. Let z(r) = -r**2 + 3*r + 11. Determine z(j).
-7
Let t be -6*(-16)/36*-3. Suppose l = 22*l + 63. Let p(k) = -2*k**2 + 5*k + 6. Let r(h) = 5*h**2 - 16*h - 17. Let m(w) = l*r(w) + t*p(w). What is m(-5)?
-12
Suppose 338 = -3*i - 3*o - 22, 4 = -o. Let k be (-30)/(-9)*(-4 - i/20). Let p(c) = -2*c + 8. Give p(k).
-4
Let y(g) = -g**3 + 15*g**2 + 16*g - 2. Let d be -2 + -5 + 1 + 6 + 16. What is y(d)?
-2
Let v be (-8 + (-11 - 0))/((-2)/4). Let t(g) = 5*g - v + 12*g - 16*g + g + 7. Give t(18).
5
Let t(y) = 58*y**3 + 3*y**2 - 2*y - 3. Let g(x) = x**3 - 11*x**2 + x - 12. Let k be g(11). Determine t(k).
-56
Let i(h) = 2*h - 1. Let l(r) = 7*r + 178. Let t(m) = -48*m - 1242. Let x(k) = 15*l(k) + 2*t(k). Let w be x(-20). Determine i(w).
11
Let r(h) = h - 13. Let a be r(7). Let j(y) be the first derivative of -y**3/3 - 2*y**2 - 2*y + 2. Let t(v) be the first derivative of j(v). What is t(a)?
8
Let o(a) = -5*a - 249. Let u be -40 - ((-36)/(-20))/((-1)/(-5)). Calculate o(u).
-4
Suppose l - 3*v - 38 = -l, 5*l - v - 69 = 0. Suppose l*o - 15 = 8*o. Suppose o*j = j + 4. Let n(h) = 2*h**2 - h - 2. Give n(j).
4
Let l(k) = -2 - 62*k**2 + 9 - 1 + k**3 - 67*k**2 + 10*k + 137*k**2. What is l(-5)?
31
Let l(y) = -25*y - 928*y**2 + 936*y**2 - 36 + 62. What is l(1)?
9
Let c(y) be the second derivative of y**5/20 + 2*y**4/3 + 2*y**3/3 + y**2/2 - 1720*y. Determine c(-7).
22
Let c(v) be the first derivative of 2 + 3/2*v**2 + 2*v. Suppose 5*d - 2*i + 24 = 0, 104*i - 100*i = -2*d + 24. What is c(d)?
-4
Let y(z) = -155 - 163 + 23*z**3 + 0*z**2 - 25*z**3 - 7*z**2 + 327 + 3*z. Calculate y(-3).
-9
Suppose -5*v = -23 - 67. Suppose -198 + v = 30*l. Let f(i) be the second derivative of i**3/6 - 7*i**2/2 - 2*i. Give f(l).
-13
Suppose z - 4*x = 25, x + 22 = 2*z - 14. Let f(w) = 458 - 939 + 443 + 3*w. What is f(z)?
13
Let i(m) = -m + 5. Suppose 0 = 40*b - 5 + 125. Let j be b/(-4)*(-36)/(-27)*3. Give i(j).
2
Let r(j) = 2*j + 67 - 72*j**2 + 0*j + 71*j**2 - 69. Give r(-5).
-37
Let o(g) be the second derivative of g**3/3 - 2*g**2 + 48*g. Let q be (0 + (-3 - -4))*-3. Give o(q).
-10
Let o = -378 + 381. Let s(y) = -5*y - 3 - o + 19 + 0*y + 4*y. Calculate s(15).
-2
Let l(q) = 8*q + 46. Let o be 2/((646/(-437))/17). Give l(o).
-138
Let x(m) be the first derivative of -m**4/2 - 7*m**3/3 + 2*m**2 - 2*m + 7. Let d(y) = -3*y**3 - 13*y**2 + 7*y - 5. Let r(k) = 3*d(k) - 5*x(k). What is r(4)?
-1
Suppose 0*y - 6*y = -0*y. Suppose -7*k = -11*k + 8. Let z(l) = l**k - 3 - l**3 - 7 + 4 + l. Determine z(y).
-6
Let w(z) be the first derivative of -7*z**3/3 - 3*z**2/2 + 27*z - 12. Let d(v) be the first derivative of w(v). Give d(-2).
25
Let d be 504/(-70) + (-16)/20. Let t(j) be the second derivative of j**4/12 + 3*j**3/2 + 13*j**2/2 + 5*j. What is t(d)?
5
Let r(b) = b**3 + 1. Suppose -18*q = -24 - 102. Suppose q = 4*o + 3. Give r(o).
2
Let p = -384 + 560. Suppose 182*n - p*n = 36. Let f(j) = j**3 - 6*j**2 - 3*j - 3. Determine f(n).
-21
Let l(f) = -2*f**2 + f + 1. Suppose -3*a = 5*h - 71, -3*h + 4*h - 3*a - 25 = 0. Suppose 3*c - p - 4 = 0, 5*p - p = -4*c - h. Calculate l(c).
1
Let l(k) = -k**3 + 7*k**2 + 4*k - 28. Let g = 2138 - 2131. Determine l(g).
0
Let i(x) = -x**3 + 8*x**2 + 4. Let m be (-12)/(-3)*(-17 - 50). Let q = m + 276. Determine i(q).
4
Let m(x) = -x**2 - 4*x - 5. Let q = -243 - -247. Let r(t) = -17*t + 63. Let p be r(q). Determine m(p).
-10
Let a(m) be the third derivative of -5*m**4/12 + 31*m**3/6 - 4*m**2 + 258. Determine a(3).
1
Let g(j) be the second derivative of 1/20*j**5 - 15/2*j**2 + 11/6*j**3 + 7/6*j**4 + 24*j + 0. Determine g(-13).
11
Let f(r) = -r**3 - 8*r**2 - 13*r + 9. Suppose -45*s + 31659 = 32064. Give f(s).
207
Let d(x) = -29*x + 10. Suppose 7*f - 14 = 3*k + 10, 32 = -4*k. Determine d(f).
10
Let s(t) = t + 2. Suppose 3*w + 23 = -4*k, k + 3*w - 15 + 23 = 0. Let q be ((-18)/4)/((-48)/128) + k. What is s(q)?
9
Let n(v) = 6*v + 1. Suppose u - 316 + 91 = 5*y, 5*y + 5 = 0. Let j = u + -219. What is n(j)?
7
Let s(w) = 2*w + 81. Suppose -4*p = -0*p, -p - 74 = 2*y. Calculate s(y).
7
Let p(z) be the first derivative of 23*z**2/2 - 8*z - 3401. Give p(-3).
-77
Let h(b) = -b + 8*b + 4 - 4*b - 2*b. Suppose 24 = -2*o - 4*x, o = -2*o - 2*x - 24. Let c be 4/6 - (-22)/o. Determine h(c).
1
Let l(p) = 7*p + 3 - 2 - 5*p - 3. Let v = 8 + -5. Suppose -v*g = -t - 2*g + 10, 0 = -3*t - 2*g + 10. Determine l(t).
10
Let n(m) = m**2 + 2*m - 3. Let p = -1192 - -1755. Let c = 559 - p. Give n(c).
5
Let n(a) = a**2 - 4*a + 8. Let q = -43 - -62. Let x be -3*1*2*q/(-38). Calculate n(x).
5
Let r(k) = k**2 + k - 308. Let m be r(0). Let b be ((m/(-3))/4)/(8/24). Let n = 79 - b. Let p(w) = -3*w**2 + 2*w. Calculate p(n).
-8
Let b(k) = 2*k**2 - 10*k - 18. Let t(v) = -3*v**2 + 21*v + 35. Let d(g) = 5*b(g) + 3*t(g). Let j = -990 - -979. What is d(j)?
-7
Suppose -3*z + 2*h + 66 = -8*z, -z - 24 = 4*h. Let o = 13 + z. Let t(b) be the first derivative of 7*b**4/2 + b**3/3 + 740. What is t(o)?
15
Let r(o) = -4*o**2 + 25*o - 30. Let x(w) = -3*w**2 + 19*w - 23. Let a(q) = 7*r(q) - 9*x(q). Let g be ((-25)/(-15))/((-1)/6). Let d be 33/5 + 6/g. Give a(d).
-15
Suppose -587 = 12*p - 611. Let z(i) be the first derivative of -5/2*i**2 - 5/3*i**3 + 4 + 1/4*i**4 - p*i. Determine z(6).
4
Let c(j) be the first derivative of j**4/4 + 5*j**3 - 3*j**2/2 - 48*j - 1079. Give c(-15).
-3
Suppose -2*i = -s - 2 + 7, -s = -i - 4. Suppose 0 = 3*o + g - 1334, 41*o - 38*o - 4*g = 1339. Let q(x) = 444 - x + o + x**2 - 893. Give q(s).
2
Let o(m) = 2*m**2 + 5*m + 3. Suppose 5*z + 30 = 2*x, -37 = -2*x - 5*z - 47. Suppose 2*u - 3*r = -22, -x*u - 1 = 5*r + 4. Determine o(u).
28
Let p(j) = 4*j**3 - 2*j**2 + j - 1. Let o(n) = 3*n**3 - 12*n**2 + n - 4. Let s(m) = o(m) - 4*p(m). What is s(-1)?
12
Let a(v) be the first derivative of -v + 1/4*v**4 + 108 - v**2 + 2/3*v**3. What is a(2)?
11
Let i(r) = r**3 + 4*r**2 - 3*r + 6. Let p(k) = k**3 + 3*k**2 - 3*k + 7. Let u be p(-4). Suppose 0 = u*m - 2*s + 23, 0 = 2*m - 7*m + 3*s - 37. What is i(m)?
-4
Let r(k) be the first derivative of -1/3*k**3 - 104 - 2*k**2 + 2*k. Give r(-4).
2
Suppose 211 = 94*b - 71. Let g(x) be the second derivative of x**3/6 - 2*x**2 + 5*x. Give g(b).
-1
Let f be 3 - 6*28/8. Let b be ((-220)/18)/(-1) - (-4)/f. Suppose 18 = -3*x - b. Let i(a) = -a**2 - 10*a + 11. Calculate i(x).
11
Let r(s) = 6*s**2 - 21*s + 21. Let k(o) = -47*o + 1976. Let u be k(42). What is r(u)?
3
Let t(f) = f**2 + 7*f + 18. Let a = -18050 + 18043. Give t(a).
18
Let l(o) = 10*o**3 + 7*o**2 - 8. Let m be l(1). Let a(j) = -2*j**2 + 25*j - 26. Let t(h) = -h**2 + 12*h - 13. Let r(i) = -2*a(i) + 5*t(i). Calculate r(m).
-4
Let j(f) be the first derivative of -f**4/4 - 5*f**3/3 + 5*f + 2. Suppose -77 + 68 = -9*u. Let c(y) = -3*y**3 - 7*y + 6. Let b be c(u). Calculate j(b).
-11
Let p(y) = 28*y - 28*y - 4 - 6*y**2 + 13*y**3. Let h(a) be the first derivative of -7*a**4/2 + 7*a**3/3 + 5*a + 2. Let d(i) = -5*h(i) - 6*p(i). What is d(-1)?
8
Let o(f) = 4 - f + 4*f - 2*f. Suppose 6*p + 1464 = 67*p. Suppose 6*h + p = 3*h. Give o(h).
-4
Suppose 2*w = -3*x - 7, -5*x - 11 = 109*w - 106*w. Let f(u) = 5*u**2 + 7*u - 4. Calculate f(w).
2
Let j(w) = w**2 + 12*w - 259. Let l be j(11). Let m(i) = -35*i - 196. Determine m(l).
14
Let k(s) = 17*s**3 + s**2 - 13*s - 88. Let u(z) = 14*z**3 - 13*z - 91. Let w(o) = 5*k(o) - 6*u(o). Give w(-6).
-8
Suppose -4*q + 80 + 41 = -5*c, 81 = 4*q + 3*c. Let r(s) = 2*s**2 - 18*s - 3 + 0*s*